 greatest common divisor of 1064 and 42?
14
What is the greatest common factor of 184 and 8?
8
What is the highest common factor of 2 and 11306?
2
What is the highest common divisor of 11 and 110?
11
What is the highest common divisor of 40 and 5560?
40
Calculate the highest common factor of 7367 and 834.
139
Calculate the highest common factor of 30 and 430.
10
Calculate the highest common divisor of 10 and 2740.
10
Calculate the greatest common divisor of 48 and 120.
24
What is the greatest common factor of 1554 and 7?
7
Calculate the highest common divisor of 8 and 512.
8
What is the highest common divisor of 68 and 289?
17
What is the highest common divisor of 2 and 178?
2
What is the highest common factor of 11 and 737?
11
What is the greatest common divisor of 81 and 90?
9
Calculate the greatest common divisor of 430 and 10.
10
Calculate the highest common factor of 976 and 8540.
244
What is the greatest common divisor of 296 and 37?
37
Calculate the greatest common factor of 7 and 112.
7
What is the highest common factor of 3 and 16431?
3
What is the highest common factor of 56 and 520?
8
What is the highest common factor of 57 and 57?
57
Calculate the greatest common factor of 351 and 63.
9
Calculate the greatest common divisor of 41 and 2952.
41
What is the greatest common divisor of 3225 and 1677?
129
What is the greatest common divisor of 72 and 552?
24
Calculate the highest common divisor of 32955 and 15.
15
What is the greatest common divisor of 2 and 125?
1
What is the greatest common factor of 767 and 13?
13
Calculate the greatest common factor of 7881 and 37.
37
Calculate the greatest common divisor of 258 and 86.
86
Calculate the greatest common divisor of 113 and 2599.
113
What is the greatest common divisor of 75 and 195?
15
Calculate the greatest common divisor of 1339 and 65.
13
What is the greatest common divisor of 352 and 736?
32
Calculate the highest common divisor of 32 and 1968.
16
Calculate the highest common factor of 536 and 8.
8
What is the highest common factor of 2201 and 124?
31
Calculate the greatest common factor of 14846 and 130.
26
What is the highest common divisor of 18 and 72?
18
What is the highest common divisor of 197 and 197?
197
Calculate the highest common factor of 116 and 404.
4
What is the greatest common divisor of 126 and 18?
18
What is the highest common factor of 30 and 21?
3
Calculate the greatest common divisor of 1015 and 232.
29
What is the greatest common factor of 44 and 7634?
22
What is the highest common factor of 32 and 112?
16
Calculate the greatest common divisor of 1133 and 22.
11
Calculate the highest common divisor of 9190 and 10.
10
What is the highest common factor of 41 and 59491?
41
What is the highest common divisor of 53 and 265?
53
Calculate the highest common divisor of 985 and 10.
5
Calculate the highest common factor of 9417 and 73.
73
Calculate the greatest common divisor of 2914 and 94.
94
Calculate the greatest common divisor of 3330 and 90.
90
Calculate the greatest common divisor of 1372 and 56.
28
What is the highest common factor of 22 and 2222?
22
What is the highest common factor of 371 and 530?
53
Calculate the greatest common factor of 16 and 1336.
8
What is the greatest common factor of 4744 and 8?
8
What is the highest common factor of 42 and 6146?
14
What is the highest common divisor of 2052 and 2128?
76
Calculate the highest common divisor of 413 and 531.
59
Calculate the highest common divisor of 525 and 42.
21
Calculate the greatest common factor of 87 and 29.
29
What is the highest common divisor of 275 and 33?
11
Calculate the highest common factor of 8 and 420.
4
What is the highest common factor of 12 and 2756?
4
What is the highest common divisor of 19 and 17480?
19
What is the greatest common divisor of 105 and 45?
15
Calculate the highest common divisor of 390 and 18408.
78
Calculate the greatest common factor of 7502 and 496.
62
Calculate the highest common factor of 14 and 29470.
14
What is the highest common divisor of 39 and 117?
39
What is the greatest common divisor of 301 and 215?
43
Calculate the greatest common divisor of 175 and 50.
25
Calculate the greatest common divisor of 7 and 8197.
7
Calculate the highest common divisor of 8207 and 1698.
283
Calculate the greatest common factor of 4 and 188.
4
What is the greatest common factor of 67 and 38592?
67
What is the greatest common factor of 91 and 203?
7
Calculate the greatest common factor of 245 and 5.
5
Calculate the highest common factor of 23 and 115.
23
Calculate the greatest common divisor of 826 and 126.
14
Calculate the greatest common divisor of 870 and 10730.
290
Calculate the greatest common factor of 1316 and 112.
28
Calculate the greatest common factor of 220 and 10.
10
Calculate the highest common factor of 6 and 678.
6
Calculate the highest common divisor of 6 and 660.
6
What is the highest common divisor of 21 and 21?
21
What is the highest common factor of 158 and 4?
2
Calculate the greatest common factor of 256 and 48.
16
What is the greatest common divisor of 18 and 927?
9
Calculate the highest common divisor of 170 and 4675.
85
Calculate the greatest common factor of 580 and 360.
20
Calculate the greatest common divisor of 15 and 3450.
15
What is the greatest common divisor of 931 and 19?
19
What is the greatest common factor of 55 and 176?
11
Calculate the highest common factor of 1040 and 16.
16
Calculate the highest common divisor of 2242 and 118.
118
Calculate the greatest common factor of 67 and 1943.
67
Calculate the greatest common divisor of 13194 and 18.
18
What is the greatest common divisor of 198 and 54?
18
What is the greatest common divisor of 90 and 20?
10
Calculate the greatest common divisor of 1 and 283.
1
Calculate the highest common divisor of 45 and 2187.
9
Calculate the greatest common factor of 243 and 1512.
27
What is the highest common factor of 32 and 552?
8
What is the highest common divisor of 36 and 252?
36
Calculate the highest common divisor of 2488 and 8.
8
Calculate the highest common factor of 861 and 246.
123
Calculate the highest common factor of 252 and 112.
28
Calculate the highest common divisor of 184 and 437.
23
Calculate the greatest common divisor of 527 and 17.
17
What is the highest common divisor of 95392 and 22?
22
What is the greatest common divisor of 34 and 459?
17
Calculate the greatest common factor of 80 and 40.
40
Calculate the greatest common factor of 91 and 91.
91
Calculate the highest common factor of 1067 and 11.
11
Calculate the greatest common factor of 24 and 78.
6
Calculate the highest common factor of 500 and 20.
20
Calculate the highest common factor of 305 and 8845.
305
What is the greatest common divisor of 84 and 132?
12
Calculate the greatest common factor of 224 and 5712.
112
What is the greatest common factor of 265 and 20?
5
What is the highest common factor of 2046 and 31?
31
Calculate the highest common factor of 11985 and 423.
141
What is the highest common divisor of 75 and 165?
15
Calculate the greatest common factor of 36 and 324.
36
What is the highest common divisor of 510 and 20145?
255
Calculate the greatest common factor of 29 and 7047.
29
Calculate the highest common divisor of 9476 and 23.
23
Calculate the highest common factor of 1112 and 24.
8
What is the greatest common divisor of 27 and 27?
27
Calculate the greatest common divisor of 5565 and 210.
105
Calculate the highest common divisor of 20 and 6340.
20
What is the greatest common factor of 78 and 6656?
26
What is the greatest common factor of 78 and 182?
26
Calculate the highest common divisor of 3528 and 144.
72
Calculate the greatest common factor of 7 and 91.
7
What is the greatest common divisor of 800 and 4?
4
Calculate the greatest common factor of 704 and 396.
44
What is the greatest common divisor of 162 and 2?
2
Calculate the greatest common divisor of 1512 and 1624.
56
Calculate the highest common divisor of 1462 and 258.
86
Calculate the highest common factor of 27 and 135.
27
Calculate the greatest common divisor of 32 and 63776.
32
What is the greatest common divisor of 23 and 1311?
23
Calculate the highest common divisor of 170 and 8738.
34
What is the highest common divisor of 118 and 59?
59
What is t